{"id":2811,"date":"2014-02-15T19:00:02","date_gmt":"2014-02-15T19:00:02","guid":{"rendered":"https:\/\/arpjournal.com\/?page_id=2811"},"modified":"2025-08-27T12:31:38","modified_gmt":"2025-08-27T12:31:38","slug":"peer","status":"publish","type":"page","link":"https:\/\/www.arpjournal.com\/asarpwp\/peer\/","title":{"rendered":"Peer Reviewers"},"content":{"rendered":"<p>Brendan Anthony, Queensland Conservatorium, Griffith University, Australia<\/p>\n<p>Adam Patrick Bell, University of Calgary, Canada<\/p>\n<p>Doug Bielmeier, Indiana University-Purdue University Indianapolis, USA<\/p>\n<p>Andrew Bourbon, University of Huddersfield, UK<\/p>\n<p>Steve D&#8217;Agostino, Independent Scholar and Practitioner, UK<\/p>\n<p>Mark Grimshaw, Aalborg University, Denmark<\/p>\n<p>Jan-Olof Gull\u00f6, S\u00f6dert\u00f6rn University, Sweden<\/p>\n<p>Mike Howlett, Independent Scholar and Practitioner, UK<\/p>\n<p>Martin Knakkergaard, Aalborg University, Denmark<\/p>\n<p>Serge Lacasse, Laval University, Quebec, Canada<\/p>\n<p>Aaron Liu-Rosenbaum, Laval University, Quebec, Canada<\/p>\n<p>Andrew Mcguiness, The University of Sydney, Australia<\/p>\n<p>Phillip McIntyre, University of Newcastle, Australia<\/p>\n<p>Morten Michelsen, University of Copenhagen, Denmark<\/p>\n<p>Zack Moir, Edinburgh Napier University, and The University of the Highlands and Islands, Scotland, UK<\/p>\n<p>Curtis L Peoples, Texas Tech University, USA<\/p>\n<p>Thomas Porcello, Vassar\u00a0College, USA<\/p>\n<p>Mads Walther-Hansen, Aalborg University, Denmark<\/p>\n<p>Sean Williams, The University of Edinburgh, Scotland, UK<\/p>\n<p>Simon Zagorski-Thomas, London College of Music, University of West London, UK<\/p>\n<p>Dr. Ananay Aguilar \u2013 Royal Holloway, University of London, UK<\/p>\n<p>Professor Eddie Ashworth &#8211;\u00a0Ohio University, Ohio, USA<\/p>\n<p>Dr. Eliot Bates \u2013 University of Birmingham, UK<\/p>\n<p>Dr Dan Bendrups &#8211; Griffith University, Australia<\/p>\n<p>Dr. Samantha Bennett \u2013 Australian National University,\u00a0Australia<\/p>\n<p>Dr. Richard James Burgess &#8211; Independent Scholar, USA<\/p>\n<p>Dr. Jan Butler \u2013 Oxford Brookes University, UK<\/p>\n<p>Dr. David Carter \u2013 University of Tasmania, Australia<\/p>\n<p>Alex Case \u2013 University of Massachussettes Lowell, USA<\/p>\n<p>Dr. Nicholas Collins \u2013 University of Sussex, UK<\/p>\n<p>Dr. Jason Corey \u2013 University of Michigan, USA<\/p>\n<p>Professor Anne Danielsen \u2013 University of Oslo, Norway<\/p>\n<p>Dr. Robert Davis \u2013 University of Huddersfield, UK<\/p>\n<p>Professor Paul Draper &#8211;\u00a0Griffith\u00a0University,\u00a0Australia<\/p>\n<p>Mark Drews \u2013 University of Stavanger, Norway<\/p>\n<p>Professor Simon Frith \u2013 University of Edinburgh, Scotland, UK<\/p>\n<p>Dr. Leslie Gaston-Bird \u2013 Independent Scholar and Practitioner, UK<\/p>\n<p>Dr. Toby Gifford &#8211; Griffith University, Australia<\/p>\n<p>Dr. Jan-Oluf Gullo \u2013 S\u00f6dert\u00f6rn University and Royal College of Music, Sweden<\/p>\n<p>Dr. Mike Hajimichael &#8211;\u00a0University of Nicosia, Cyprus<\/p>\n<p>Paul Harkins \u2013 Edinburgh Napier University, Scotland, UK<\/p>\n<p>Dr. Thomas Harrison \u2013 Jacksonville University, Florida, USA<\/p>\n<p>Dr. Jay Hodgson \u2013 University of Western Ontario, USA<\/p>\n<p>Matt Hitchcock &#8211; Griffith University, Australia<\/p>\n<p>Dr. Mike Howlett \u2013 Independent Scholar, UK<\/p>\n<p>Dr. Sheena Hyndman \u2013 Independent Scholar, Canada<\/p>\n<p>Katia Isakoff &#8211; Independent Scholar and Practitioner, UK<\/p>\n<p>Dr. Christian Kennett \u2013 University of Westminster, UK<\/p>\n<p>Dr. Aaron Liu-Rosenbaum &#8211;\u00a0Universit\u00e9 Laval, Quebec, Canada<\/p>\n<p>Professor Philippe Le Guern \u2013 University of Avignon, France<\/p>\n<p>Dr. Andy McGuiness \u2013 JMC Academy, Australia<\/p>\n<p>Scott Metcalfe \u2013 Peabody Institute of the John Hopkins University<\/p>\n<p>Dr. Morten Michelsen \u2013 University of Copenhagen, Denmark<\/p>\n<p>Professor Allan Moore \u2013 University of Surrey, UK<\/p>\n<p>Dr. Justin Morey \u2013 University of Sheffield, UK<\/p>\n<p>Dr. Guy Morrow \u2013 MacQuarie University, Australia<\/p>\n<p>Dr. Carlo Nardi \u2013 University of Northampton, UK<\/p>\n<p>Dr. Shara Rambarran \u2013 University of Brighton, UK<\/p>\n<p>Dr. Helen Reddington \u2013 Independent Scholar and Practitioner, UK<\/p>\n<p>Dr. Francios Ribac &#8211; Universit\u00e9 de Bourgogne, France<\/p>\n<p>Professor Mark Sarisky \u2013 The Art Institute of Austin, USA<\/p>\n<p>Dr. Steve Savage \u2013 San Francisco State University, USA<\/p>\n<p>Dr. Mark Slater &#8211;\u00a0University of Hull, UK<\/p>\n<p>Dr. Paul Th\u00e9berge \u2013 Carleton University, Canada<\/p>\n<p>Dr. Paul Thompson \u2013 Leeds Metropolitan University, UK<\/p>\n<p>Dr. Mark Thorley \u2013 Independent Scholar, UK<\/p>\n<p>Professor Rupert Till \u2013 University of Huddersfield, UK<\/p>\n<p>Dr. Robert Toft \u2013 University of Western Ontario, Canada<\/p>\n<p>Dr. Rob Toulson \u2013 Independent Scholar, UK<\/p>\n<p>Dr. Brandon Vaccaro \u2013 University of Massachussettes, Lowell, USA<\/p>\n<p>John Ward \u2013 Anglia Ruskin University, UK<\/p>\n<p>Dr. Alan Williams \u2013 University of Massachussettes, Lowell, USA<\/p>\n<p>Professor Simon Zagorski-Thomas \u2013 London College of Music, UWL, UK<\/p>\n<p>Professor Albin Zak \u2013 Independent Scholar and Practitioner, USA<\/p>\n","protected":false},"excerpt":{"rendered":"<p>Brendan Anthony, Queensland Conservatorium, Griffith University, Australia Adam Patrick Bell, University of Calgary, Canada Doug Bielmeier, Indiana University-Purdue University Indianapolis, USA Andrew Bourbon, University of Huddersfield, UK Steve D&#8217;Agostino, Independent Scholar and Practitioner, UK Mark Grimshaw, Aalborg University, Denmark Jan-Olof Gull\u00f6, S\u00f6dert\u00f6rn University, Sweden Mike Howlett, Independent Scholar and Practitioner, UK Martin Knakkergaard, Aalborg University, [&hellip;]<\/p>\n","protected":false},"author":1,"featured_media":0,"parent":0,"menu_order":0,"comment_status":"closed","ping_status":"closed","template":"","meta":{"footnotes":""},"class_list":["post-2811","page","type-page","status-publish","hentry"],"_links":{"self":[{"href":"https:\/\/www.arpjournal.com\/asarpwp\/wp-json\/wp\/v2\/pages\/2811","targetHints":{"allow":["GET"]}}],"collection":[{"href":"https:\/\/www.arpjournal.com\/asarpwp\/wp-json\/wp\/v2\/pages"}],"about":[{"href":"https:\/\/www.arpjournal.com\/asarpwp\/wp-json\/wp\/v2\/types\/page"}],"author":[{"embeddable":true,"href":"https:\/\/www.arpjournal.com\/asarpwp\/wp-json\/wp\/v2\/users\/1"}],"replies":[{"embeddable":true,"href":"https:\/\/www.arpjournal.com\/asarpwp\/wp-json\/wp\/v2\/comments?post=2811"}],"version-history":[{"count":29,"href":"https:\/\/www.arpjournal.com\/asarpwp\/wp-json\/wp\/v2\/pages\/2811\/revisions"}],"predecessor-version":[{"id":4412,"href":"https:\/\/www.arpjournal.com\/asarpwp\/wp-json\/wp\/v2\/pages\/2811\/revisions\/4412"}],"wp:attachment":[{"href":"https:\/\/www.arpjournal.com\/asarpwp\/wp-json\/wp\/v2\/media?parent=2811"}],"curies":[{"name":"wp","href":"https:\/\/api.w.org\/{rel}","templated":true}]}}